+ 3*y - 23 - 18, m = 5*y + 14. Let v = m + -17. Let p(h) be the first derivative of -h**3/3 + h**2/2 - h + 1. Determine p(v).
-3
Let w(l) = 34*l**2 - 404 - 33*l**2 - l + 401 - l. Calculate w(-3).
12
Let g = 355 - 348. Let l(u) = u**3 - 9*u**2 + 10*u - 5. Determine l(g).
-33
Let l(b) = 5*b + 1 - 4*b + 0*b - 2*b. Let d(w) = -7*w + 7. Let r(a) = -d(a) + 6*l(a). Give r(-1).
-2
Let d(q) = q**3 + q**2 - 4*q - 2. Let j(i) = -5*i - 5. Let f be j(4). Let p = f - -26. Suppose -2*g - p = -0*g - v, 2*v + 7 = g. Determine d(g).
-8
Let t(v) be the third derivative of v**6/120 + 11*v**5/60 + 3*v**4/8 - 7*v**3/6 + 544*v**2. Calculate t(-10).
3
Let v(c) = -2*c + 2. Let y(z) = z**2 - 15*z + 4. Let w be y(15). Give v(w).
-6
Let d(a) = -11*a - 1. Let m(f) = -54*f - 6. Suppose 12 = -3*l - 2*s, 0 = -l + s + 2*s + 7. Let q(c) = l*m(c) + 11*d(c). What is q(-1)?
14
Let p(o) be the first derivative of o**7/840 - 7*o**6/360 + o**5/30 + 7*o**4/24 + 11*o**3/3 - 7. Let h(x) be the third derivative of p(x). Determine h(6).
-5
Let j(o) = o**2 + 8*o + 6. Suppose -2 = 2*i - 12. Suppose i*m + 4*s - 31 = 0, 6*m - 4*m = -4*s + 22. Suppose -5*p + 0 = 3*u + 2, -m*u = 3*p + 6. What is j(u)?
-10
Let v(y) = 4*y**2 - 2*y + 3*y**3 - 4*y + 2*y + 2*y. Let f(j) = 5*j**3 + 8*j**2 - 4*j - 1. Let d(l) = -4*f(l) + 7*v(l). Let u be 1/(-6)*-2*9. Give d(u).
1
Let c = -5 + 9. Suppose t = -c*t. Suppose t = 4*r - 5*k - 19, -3*r - k = 5 - 24. Let q(a) = a**3 - 5*a**2 - 6*a - 1. Calculate q(r).
-1
Let m be -5 - (12/(-14) + 1455/105). Let d(c) = -c**3 - 18*c**2 - c + 1. Determine d(m).
19
Let u(p) = p**2 + 6*p - 4. Let b(w) = w**3 - 8*w**2 + 18*w - 3. Let z be b(5). Suppose 7*m - z*m = 15. Determine u(m).
-13
Let i(t) = 2*t**2 + 3*t + 2. Let v be i(-2). Let l(z) = 24*z**2 - 67*z**2 - 4 + 42*z**2 + 1 + 5. Give l(v).
-14
Suppose -3*t + 13 + 5 = 0. Let q(f) = -10*f + 3*f**2 + t + 6*f - 4*f**2. Suppose 21 = -2*a + 3*r, a + 1 + 20 = 5*r. What is q(a)?
-6
Let k = 6 - 4. Suppose -2*d - 2 = -8. Let i(z) = z + 0*z**2 + 4*z**d + 2*z - k*z**2 - 3*z**3 - 1. What is i(2)?
5
Let f(q) = 3*q. Suppose 0 = -2*d - 20 - 18. Let o = d + 18. What is f(o)?
-3
Suppose -8*a + 40 = -10*a + 5*y, 0 = 4*a + 5*y + 20. Let b(p) = -p - 13. Determine b(a).
-3
Let i(r) = -3*r**3 + 6*r**2 - 5*r - 2. Let f(h) = -7*h**3 + 11*h**2 - 9*h - 5. Let m(a) = 4*f(a) - 9*i(a). Determine m(-11).
20
Let x(i) = -2*i - 5*i + 5*i + 1 - 6. Let a be x(-3). Let p(y) = y - 4*y + 0*y. Determine p(a).
-3
Let q(b) = 11*b + 3*b + b. Suppose -2 = -2*g, -1 = -3*a - 5*g + 1. Calculate q(a).
-15
Let w(a) be the third derivative of a**8/20160 + a**7/2520 - a**6/720 + 3*a**5/20 + 8*a**2. Let g(b) be the third derivative of w(b). Calculate g(1).
2
Let u(b) = -1. Let w(n) = n - 4. Let t(q) = -4*u(q) + w(q). Let k = -154 + 148. Determine t(k).
-6
Let y(n) = -n**3 - 2*n**2 + 6*n + 2. Let r = 143 - 148. Give y(r).
47
Let h = 95 + -68. Let f = h + -20. Let s(v) = v**3 - 8*v**2 + 7*v - 6. Determine s(f).
-6
Let w(h) be the second derivative of h**4/12 - 5*h**3/2 - 14*h**2 + h - 125. Give w(17).
6
Let f = -24 - -27. Suppose -5*l + f*x = -0*l - 57, 8 = -2*x. Suppose -n = 3*s + 20, 3*s = -l*n + 4*n - 40. Let t(o) = -o**2 - 2*o + 7. Determine t(n).
-8
Let v = 120 + -121. Let a(y) = -4*y**2. What is a(v)?
-4
Let r(w) = w**3 - 6*w**2 + w + 1. Let q(l) = 1 + 13*l - 14*l + 1 - 1. Let c(h) = 3*q(h) - r(h). Determine c(5).
7
Let t be (0 + (-1 - 0))*1. Let d be (0/(-52))/((-8)/2). Let a = t - d. Let b(o) = 5*o - 1. Determine b(a).
-6
Let u(k) = k**2 - k + 48. Let b(n) = -n**2 + n + 3. Let y(a) = 2*b(a) + u(a). What is y(0)?
54
Let i(x) = -x**2 + 11*x - 5*x - 4*x - 13 + 5*x. Give i(4).
-1
Let h be -12 - (-4 + 1 - 8/(-2)). Let g = 18 + h. Let c(v) = v**2 - 6*v + 4. Determine c(g).
-1
Let f(j) be the first derivative of 1/4*j**4 + 5*j - 3 + 11/2*j**2 + 4*j**3. Let t be f(-11). Let o(n) = -n**2 + 7*n - 5. Calculate o(t).
5
Let z(c) = -c - 2. Suppose 3*u + 3*x + 5 = 5*x, -25 = 3*u + 2*x. Calculate z(u).
3
Let s(z) = 4*z. Let x(c) = c + 2. Let u(k) = 2*k + 3. Let m be u(-2). Let r be x(m). Give s(r).
4
Suppose 0*y = 2*y - 3*k + 25, 0 = 4*y + 4*k. Let s(q) = 2*q**2 + 6*q - 3. Calculate s(y).
17
Suppose 15*v - 20*v + 15 = 0. Let s(q) = 2*q**2 + 5*q - 4*q**2 + 0*q + q**v - 9*q. Calculate s(3).
-3
Let i(j) = -25*j + 486. Let g be i(19). Let m(f) = -f**3 + 10*f**2 + 13*f - 16. Determine m(g).
6
Let a(i) be the second derivative of -7/6*i**3 + 1/24*i**4 - 3/2*i**2 + 3*i + 0. Let k(d) be the first derivative of a(d). Give k(5).
-2
Let z(p) = -1. Let o(k) = -k - 15. Let y(f) = o(f) - 5*z(f). Let x be 1/(-6) - 82/12. Determine y(x).
-3
Let z be ((-10)/4)/((-27)/2 - -13). Let c(k) be the second derivative of -5/12*k**4 - 1/6*k**3 + 0 - 1/20*k**z - 5/2*k**2 - 7*k. Give c(-5).
0
Let s(w) = -3*w + 26*w + 17 - 8*w - 17*w. Calculate s(7).
3
Let m(o) = o**3 - 5*o**2 - 7*o. Let y be (15/(-12) - -2)/((-12)/144). Let q(h) = h**2 + 4*h - 39. Let a be q(y). Give m(a).
-6
Let r(w) be the first derivative of -6*w + 1 + 1/3*w**3 + 3/2*w**2. Let n be (-16 + 15)/(2*(-2)/(-20)). Calculate r(n).
4
Let x be (-572)/55 + 3 - (-4)/10. Let y(r) = -r + 3. Calculate y(x).
10
Let n(r) = 7*r + 1. Let p(q) = 3*q. Let s(w) = 4*n(w) - 9*p(w). Give s(0).
4
Suppose 48 = -2*g + 54. Let s(i) = 2*i - 4. Let c(u) = -u + 4. Let b(k) = -5*c(k) - 6*s(k). Calculate b(g).
-17
Let d(f) = 2*f**2 + 3*f - 2. Let i be d(-3). Let h(u) = -15*u**2 + 11*u**2 + 3*u**2 + u**3 + 4 + i*u**2 + 7*u. Let v be (-1 + 0)/(2/10). What is h(v)?
-6
Let f(a) = a - 4. Let m = -122 - -207. Let r = -78 + m. Calculate f(r).
3
Suppose 57*l - 64*l + 35 = 0. Let y(g) = g**3 - 7*g**2 + 3*g + 7. Give y(l).
-28
Let t(f) = f - 4. Let u be 658/98 + (-6)/(-21). Give t(u).
3
Suppose -14 - 1 = -k + 5*i, -95 = -5*k + 5*i. Suppose -2*d - 2*x + k = -4, -5*d - x + 40 = 0. Let s(r) = -3*r + 9. What is s(d)?
-12
Let p(m) = 16*m - 97. Let l(n) = -3*n + 18. Let h(v) = -11*l(v) - 2*p(v). Suppose c - 10 = -5*o, 0 = o - 3*o - 3*c - 9. What is h(o)?
-1
Let i(g) = g**2 - 8*g - 5. Suppose -12 = -2*v + 2*u + 10, 2*u + 13 = v. Calculate i(v).
4
Let h(x) = -x**3 + 3*x**2 + 2*x + 2. Suppose -2*i + 3*i - 5*z - 32 = 0, 42 = 3*i + 3*z. Suppose 0 = a - 5*a + 4, 2*a = -5*m + i. Give h(m).
8
Suppose 5*z = -3*a + 239, -6*z + z + 4*a = -253. Let u = -57 + z. Let g(c) = -c - 9. Give g(u).
-1
Let i be (2/4)/(1/(-4)). Let f = i + 4. Let w(g) = 2 - 557*g + 1116*g - 2*g**2 - 558*g. What is w(f)?
-4
Let w(i) be the second derivative of i**3/3 + 3*i**2 - 84*i. Calculate w(-4).
-2
Let j(d) = -d**3 + 18*d**2 - d + 15. Let q be (-6)/(4 + (-78)/18). Give j(q).
-3
Let p = 851 - 854. Let b(k) = -2*k**2 - 2*k + 5. Determine b(p).
-7
Let a be -2 + (-6)/(18/(-15)). Let c(j) be the second derivative of -j**4/12 + 2*j**3/3 + j**2/2 + j. Calculate c(a).
4
Let r(y) = y**3 - 6*y**2 - 7*y + 4. Let w be r(7). Suppose 0 = -w*v - 5*m + 1, -4*m = 2*v + v. Let t(x) = 6*x + 3 - x - v*x - 9. Calculate t(6).
0
Let d be (-2)/3 + (-14)/(-3). Let z(n) be the first derivative of -3*n**2/2 + n + 25. What is z(d)?
-11
Let y(s) = s**3 + 6*s**2 + 2*s - 4. Let c = 376 + -381. Determine y(c).
11
Let z(c) = c**2 - 5*c - 9. Let w(k) = 4*k + 15. Let a be w(5). Suppose 6*g - 11*g = -a. Calculate z(g).
5
Let u(z) = -z**2 - 4*z + 105. Let c be u(9). Let o(x) = x**3 + 13*x**2 + 13*x + 25. Give o(c).
13
Let f(r) = -8*r**2 + 2*r - 11. Let k(y) = -7*y**2 + 2*y - 10. Let m(c) = -6*f(c) + 7*k(c). What is m(4)?
-12
Let k = 2371 - 2379. Let t(s) = -2*s**2 - 21*s - 9. What is t(k)?
31
Let h = -32 - -32. Suppose -3*o = 5*z - 2 + 3, 2*z + 4 = h. Let l(q) = -q**3 + 2*q**2 + 2*q + 4. What is l(o)?
1
Let s(r) = 3*r**2 + 2*r + 2. Let b be (-21)/28*(-56)/(-21). What is s(b)?
10
Let b(s) = s + 4. Let g(z) = -z**2 - 14*z - 13. Let q be g(-13). Let c(a) = 9 + q - 8. Let r(f) = -b(f) + 3*c(f). Give r(3).
-4
Let r(j) = -j**3 + 16*j**2 + 22*j - 560. Let g be r(15). Let i(x) = x**3 + 6*x**2 + 8*x + 5. What is i(g)?
-10
Let s(j) = -5*j**2 + 17*j + 12. Let w be s(4). Let a(v) = -4*v - 9. Let p(x) = 11*x + 27. Let y(o) = 8*a(o) + 3*p(o). Determine y(w).
9
Let k(l) = l**3 - 7*l**2 - 18*l - 4. Let g = -624 - -633. Give k(g).
-4
Suppose d + z = -0 + 3, -2*d + 6 = -2*z. Suppose 6*g + 5*s + 5 = g, g + d*s = 9. Let u(r) = -2 + 2 + r + 3. Calculate u(g).
-3
Let r be 0/3*(-1)